{"id":81,"date":"2014-04-19T10:44:33","date_gmt":"2014-04-19T10:44:33","guid":{"rendered":"http:\/\/thp-helmich.net\/?page_id=81"},"modified":"2018-05-24T04:54:00","modified_gmt":"2018-05-24T04:54:00","slug":"impressum","status":"publish","type":"page","link":"https:\/\/thp-helmich.net\/?page_id=81","title":{"rendered":"Impressum"},"content":{"rendered":"<p>Postanschrift:<\/p>\n<p>Emmett Maximilian Helmich<br \/>\nRoonstra\u00dfe 21<br \/>\n55252 Mainz-Kastel<\/p>\n<p>Verantwortlich f\u00fcr den Inhalt i.S.d. \u00a7 10 MDStV:<br \/>\nEmmett Maximilian Helmich<\/p>\n<p>Steuernummer: 40 826 32667\u00a0beim Finanzamt Wiesbaden I<\/p>\n<p>Copyright: Alle Texte mit Ausnahme der Veranstaltungs- und B\u00fcchertipps sowie der Texte, die auf\u00a0externen Links liegen (siehe Haftungshinweis), sind<br \/>\nCopyright 2014 Emmett Maximilian Helmich!<\/p>\n<p>Haftungshinweis: Trotz gr\u00fcndlicher inhaltlicher Kontrolle \u00fcbernehme ich keinerlei Haftung f\u00fcr die Inhalte der auf dieser Homepage eingef\u00fcgten, externen Links. F\u00fcr den Inhalt verlinkter Seiten sind ausschlie\u00dflich und jederzeit die Betreiber jener Seiten verantwortlich.<\/p>\n","protected":false},"excerpt":{"rendered":"<p>Postanschrift: Emmett Maximilian Helmich Roonstra\u00dfe 21 55252 Mainz-Kastel Verantwortlich f\u00fcr den Inhalt i.S.d. \u00a7 10 MDStV: Emmett Maximilian Helmich Steuernummer: 40 826 32667\u00a0beim Finanzamt Wiesbaden I Copyright: Alle Texte mit Ausnahme der Veranstaltungs- und B\u00fcchertipps sowie der Texte, die auf\u00a0externen &hellip; <a href=\"https:\/\/thp-helmich.net\/?page_id=81\">Weiterlesen <span class=\"meta-nav\">&rarr;<\/span><\/a><\/p>\n","protected":false},"author":1,"featured_media":0,"parent":0,"menu_order":0,"comment_status":"closed","ping_status":"closed","template":"onecolumn-page.php","meta":{"footnotes":""},"class_list":["post-81","page","type-page","status-publish","hentry"],"yoast_head":"<!-- This site is optimized with the Yoast SEO plugin v27.5 - https:\/\/yoast.com\/product\/yoast-seo-wordpress\/ -->\n<title>Impressum - Mobile Praxis f\u00fcr klassische Tierhom\u00f6opathie<\/title>\n<meta name=\"robots\" content=\"index, follow, max-snippet:-1, max-image-preview:large, max-video-preview:-1\" \/>\n<link rel=\"canonical\" href=\"https:\/\/thp-helmich.net\/?page_id=81\" \/>\n<meta property=\"og:locale\" content=\"de_DE\" \/>\n<meta property=\"og:type\" content=\"article\" \/>\n<meta property=\"og:title\" content=\"Impressum - Mobile Praxis f\u00fcr klassische Tierhom\u00f6opathie\" \/>\n<meta property=\"og:description\" content=\"Postanschrift: Emmett Maximilian Helmich Roonstra\u00dfe 21 55252 Mainz-Kastel Verantwortlich f\u00fcr den Inhalt i.S.d. \u00a7 10 MDStV: Emmett Maximilian Helmich Steuernummer: 40 826 32667\u00a0beim Finanzamt Wiesbaden I Copyright: Alle Texte mit Ausnahme der Veranstaltungs- und B\u00fcchertipps sowie der Texte, die auf\u00a0externen &hellip; Weiterlesen &rarr;\" \/>\n<meta property=\"og:url\" content=\"https:\/\/thp-helmich.net\/?page_id=81\" \/>\n<meta property=\"og:site_name\" content=\"Mobile Praxis f\u00fcr klassische Tierhom\u00f6opathie\" \/>\n<meta property=\"article:modified_time\" content=\"2018-05-24T04:54:00+00:00\" \/>\n<meta name=\"twitter:card\" content=\"summary_large_image\" \/>\n<script type=\"application\/ld+json\" class=\"yoast-schema-graph\">{\"@context\":\"https:\\\/\\\/schema.org\",\"@graph\":[{\"@type\":\"WebPage\",\"@id\":\"https:\\\/\\\/thp-helmich.net\\\/?page_id=81\",\"url\":\"https:\\\/\\\/thp-helmich.net\\\/?page_id=81\",\"name\":\"Impressum - Mobile Praxis f\u00fcr klassische Tierhom\u00f6opathie\",\"isPartOf\":{\"@id\":\"https:\\\/\\\/thp-helmich.net\\\/#website\"},\"datePublished\":\"2014-04-19T10:44:33+00:00\",\"dateModified\":\"2018-05-24T04:54:00+00:00\",\"breadcrumb\":{\"@id\":\"https:\\\/\\\/thp-helmich.net\\\/?page_id=81#breadcrumb\"},\"inLanguage\":\"de\",\"potentialAction\":[{\"@type\":\"ReadAction\",\"target\":[\"https:\\\/\\\/thp-helmich.net\\\/?page_id=81\"]}]},{\"@type\":\"BreadcrumbList\",\"@id\":\"https:\\\/\\\/thp-helmich.net\\\/?page_id=81#breadcrumb\",\"itemListElement\":[{\"@type\":\"ListItem\",\"position\":1,\"name\":\"Startseite\",\"item\":\"https:\\\/\\\/thp-helmich.net\\\/\"},{\"@type\":\"ListItem\",\"position\":2,\"name\":\"Impressum\"}]},{\"@type\":\"WebSite\",\"@id\":\"https:\\\/\\\/thp-helmich.net\\\/#website\",\"url\":\"https:\\\/\\\/thp-helmich.net\\\/\",\"name\":\"Mobile Praxis f\u00fcr klassische Tierhom\u00f6opathie\",\"description\":\"Max Helmich, M.A., THP (BkTD e.V.)\",\"potentialAction\":[{\"@type\":\"SearchAction\",\"target\":{\"@type\":\"EntryPoint\",\"urlTemplate\":\"https:\\\/\\\/thp-helmich.net\\\/?s={search_term_string}\"},\"query-input\":{\"@type\":\"PropertyValueSpecification\",\"valueRequired\":true,\"valueName\":\"search_term_string\"}}],\"inLanguage\":\"de\"}]}<\/script>\n<!-- \/ Yoast SEO plugin. -->","yoast_head_json":{"title":"Impressum - Mobile Praxis f\u00fcr klassische Tierhom\u00f6opathie","robots":{"index":"index","follow":"follow","max-snippet":"max-snippet:-1","max-image-preview":"max-image-preview:large","max-video-preview":"max-video-preview:-1"},"canonical":"https:\/\/thp-helmich.net\/?page_id=81","og_locale":"de_DE","og_type":"article","og_title":"Impressum - Mobile Praxis f\u00fcr klassische Tierhom\u00f6opathie","og_description":"Postanschrift: Emmett Maximilian Helmich Roonstra\u00dfe 21 55252 Mainz-Kastel Verantwortlich f\u00fcr den Inhalt i.S.d. \u00a7 10 MDStV: Emmett Maximilian Helmich Steuernummer: 40 826 32667\u00a0beim Finanzamt Wiesbaden I Copyright: Alle Texte mit Ausnahme der Veranstaltungs- und B\u00fcchertipps sowie der Texte, die auf\u00a0externen &hellip; Weiterlesen &rarr;","og_url":"https:\/\/thp-helmich.net\/?page_id=81","og_site_name":"Mobile Praxis f\u00fcr klassische Tierhom\u00f6opathie","article_modified_time":"2018-05-24T04:54:00+00:00","twitter_card":"summary_large_image","schema":{"@context":"https:\/\/schema.org","@graph":[{"@type":"WebPage","@id":"https:\/\/thp-helmich.net\/?page_id=81","url":"https:\/\/thp-helmich.net\/?page_id=81","name":"Impressum - Mobile Praxis f\u00fcr klassische Tierhom\u00f6opathie","isPartOf":{"@id":"https:\/\/thp-helmich.net\/#website"},"datePublished":"2014-04-19T10:44:33+00:00","dateModified":"2018-05-24T04:54:00+00:00","breadcrumb":{"@id":"https:\/\/thp-helmich.net\/?page_id=81#breadcrumb"},"inLanguage":"de","potentialAction":[{"@type":"ReadAction","target":["https:\/\/thp-helmich.net\/?page_id=81"]}]},{"@type":"BreadcrumbList","@id":"https:\/\/thp-helmich.net\/?page_id=81#breadcrumb","itemListElement":[{"@type":"ListItem","position":1,"name":"Startseite","item":"https:\/\/thp-helmich.net\/"},{"@type":"ListItem","position":2,"name":"Impressum"}]},{"@type":"WebSite","@id":"https:\/\/thp-helmich.net\/#website","url":"https:\/\/thp-helmich.net\/","name":"Mobile Praxis f\u00fcr klassische Tierhom\u00f6opathie","description":"Max Helmich, M.A., THP (BkTD e.V.)","potentialAction":[{"@type":"SearchAction","target":{"@type":"EntryPoint","urlTemplate":"https:\/\/thp-helmich.net\/?s={search_term_string}"},"query-input":{"@type":"PropertyValueSpecification","valueRequired":true,"valueName":"search_term_string"}}],"inLanguage":"de"}]}},"_links":{"self":[{"href":"https:\/\/thp-helmich.net\/index.php?rest_route=\/wp\/v2\/pages\/81","targetHints":{"allow":["GET"]}}],"collection":[{"href":"https:\/\/thp-helmich.net\/index.php?rest_route=\/wp\/v2\/pages"}],"about":[{"href":"https:\/\/thp-helmich.net\/index.php?rest_route=\/wp\/v2\/types\/page"}],"author":[{"embeddable":true,"href":"https:\/\/thp-helmich.net\/index.php?rest_route=\/wp\/v2\/users\/1"}],"replies":[{"embeddable":true,"href":"https:\/\/thp-helmich.net\/index.php?rest_route=%2Fwp%2Fv2%2Fcomments&post=81"}],"version-history":[{"count":11,"href":"https:\/\/thp-helmich.net\/index.php?rest_route=\/wp\/v2\/pages\/81\/revisions"}],"predecessor-version":[{"id":246,"href":"https:\/\/thp-helmich.net\/index.php?rest_route=\/wp\/v2\/pages\/81\/revisions\/246"}],"wp:attachment":[{"href":"https:\/\/thp-helmich.net\/index.php?rest_route=%2Fwp%2Fv2%2Fmedia&parent=81"}],"curies":[{"name":"wp","href":"https:\/\/api.w.org\/{rel}","templated":true}]}}